 = -43 + 44. Let n be ((-4)/3)/2*(-97 + g). Let d = n + -50. What is the units digit of d?
4
Suppose -22*h + 17*h + 5 = 0, 0 = 6*z - 5*h - 98191. What is the ten thousands digit of z?
1
Let i(u) = 2*u - 1 + 0 - 7. Let x = -1036 - -1045. What is the tens digit of i(x)?
1
Suppose 7*l = 6*l - 1, 0 = g + 5*l - 6679. What is the units digit of g?
4
Let r(z) = 8584*z + 99. What is the thousands digit of r(1)?
8
Suppose 0 = 3*m - 87*n + 82*n - 111698, 0 = -2*m - 2*n + 74508. What is the hundreds digit of m?
2
Let p = -41570 - -71165. What is the hundreds digit of p?
5
Suppose -801616 = -131*v + 1076662. What is the hundreds digit of v?
3
Let a(o) = o**3 + 42*o**2 + 5*o + 201. Let r be a(-42). What is the units digit of ((14520/r)/(-5) - 2)*6?
4
Let u(z) = 5428*z - 11543. What is the ten thousands digit of u(8)?
3
Let r = -16739 - -26467. What is the tens digit of r?
2
Let j be (42/4)/7*(-8)/2. What is the hundreds digit of (8/j)/((-4)/516)?
1
Let t = -20601 + 51967. What is the ten thousands digit of t?
3
Let p(a) = -15*a + 2173*a**2 + 2192*a**2 - 15 - 4350*a**2. What is the units digit of p(-8)?
5
Let o(k) = -2*k**3 - 16*k**2 + 10*k + 21. Let t be o(-12). Let y = -534 + t. What is the tens digit of y?
1
Let g be 23 + 14/28 + 18/(-4). Let b(x) = 9*x - 116. What is the tens digit of b(g)?
5
Let p(b) = 20*b**2 + 4. Suppose -20 = 5*j, 3*j + 18 = 3*o - 0. What is the tens digit of p(o)?
8
Suppose -8*d = -20*d + 216. Suppose 767 + d = p. What is the units digit of p?
5
Let x be 10*((-396)/(-715) - 4/26). Suppose 2928 = x*n - 128. What is the units digit of n?
4
Let a = 94252 + -65310. What is the ten thousands digit of a?
2
What is the tens digit of (-2047 + 18)*(-12)/4?
8
Let d(g) = -6 - 216*g + 111*g - 8*g**2 + 2*g**2 + 111*g - g**3. Suppose -2*n - 4*b - 18 = -2*b, b = -5*n - 41. What is the units digit of d(n)?
4
Suppose -5*x - 46019 - 1140 = -2*s, 6*s + 2*x = 141494. What is the units digit of s?
2
Let w(q) = -29*q - 24 + 35 - q**2 + 35. What is the hundreds digit of w(-24)?
1
Suppose 0 = -4*h - 2 + 18. Suppose -h*j - 4*p + 973 = -3151, 1022 = j + 4*p. What is the hundreds digit of j?
0
Let x be (30/25)/((-6)/(-40)). Suppose -5*f - 1783 = -2*r - x*f, 2*r = 5*f + 1775. Suppose -19*g + 24*g = r. What is the units digit of g?
8
Let p be 2 - ((-4)/6)/(11/(-39105)). Let c = -1617 - p. What is the hundreds digit of c?
7
Suppose 0 = 3*d - 83 - 172. Suppose -3*r = -4*u - d, -3*u - r - r = 85. Let v = u - -91. What is the units digit of v?
6
Let n(y) = -1942*y + 460. What is the ten thousands digit of n(-24)?
4
Let a = 87 - 72. Suppose 0 = a*q + q - 5904. What is the units digit of q?
9
Let d(u) = -u + 9. Let p be d(5). Suppose -3 = -p*b + 3*b. Suppose -8*o + b*o = g - 113, 0 = g - 2*o - 85. What is the units digit of g?
3
Suppose 2199*p - 1657658 = 2180*p - 27325. What is the hundreds digit of p?
8
Let o = -266 + 304. Suppose 0 = 4*l + o*l - 7728. What is the tens digit of l?
8
Let j be (-20)/(-6)*(-6)/(-5). Suppose 5*b - 31 = 2*u, 0 = j*u - 0*u + 12. Suppose 0 = -2*v + b*l + 165, -3*v + l + 162 + 79 = 0. What is the tens digit of v?
8
Suppose -a - y - 489 = -6550, 3*a - 18191 = -y. What is the units digit of a?
5
Let u be ((-5)/(1 - -4))/(2/(-930)). Suppose 135 = -5*a + u. Let k = -4 + a. What is the tens digit of k?
6
Let n be (-439 - 1)*138/(-92). Suppose t + 3*k - 559 = 0, n = -4*t - 5*k + 2896. What is the tens digit of t?
5
Let b be (-2)/(-2) + 0 + -326 + 0. Let v = b - -561. Let p = v - 168. What is the units digit of p?
8
Let t be (-52)/(-10) - 6*7/210. Suppose 4*w = 3*k - 2793, -t*w + 960 + 879 = 2*k. Suppose -n - k = -3*v, 316 = v + n + n. What is the tens digit of v?
1
Suppose -7*n + 7117 = 4*n. Suppose 3*h - 133 = n. What is the tens digit of h?
6
Let h(a) = -a**3 - 8*a**2 - 18*a - 21. Let g be h(-12). Suppose w = -3*b + g, 47 = -2*b + 4*w + 547. What is the tens digit of b?
5
Let w(p) = 6054*p**2 + 708*p. What is the units digit of w(3)?
0
Let q = 3118 - 756. Suppose 2*s = -t + 2377, -s - 4*t = -3*s + q. What is the units digit of s?
7
Let j(n) = -n**2 - 9*n - 6. Let c be j(-6). Suppose 0 = -v + c + 13. Suppose -21*d - 316 = -v*d. What is the units digit of d?
9
Let m = 656 - 640. Suppose -102 = m*b - 4886. What is the units digit of b?
9
Let j(x) be the second derivative of x**4/12 + 7*x**3/2 - 18*x**2 - 3*x - 9. What is the tens digit of j(-27)?
2
Suppose -207 = -45*j - 117. Suppose -5*r + r = -388. Suppose j*t - r = 51. What is the units digit of t?
4
Let r(t) = -t**3 + 38*t**2 - 75*t + 26. Let o be r(27). Suppose 6*d = -d + o. What is the hundreds digit of d?
8
Suppose -8 = 3*j + 43. Let o = j + 140. Suppose -n = 2*n - o. What is the tens digit of n?
4
Let n = 235 + -230. Suppose -4*m - 88 = -n*m - 2*f, -f + 249 = 3*m. What is the units digit of m?
2
Suppose 5*y - 5*w + 6*w = 20187, 5*w + 15 = 0. What is the hundreds digit of y?
0
What is the units digit of 5 - -5892*(8/(-3) - -6)?
5
Let o(p) = -p**3 - 27*p**2 + 28*p + 6. Let i be o(-28). What is the units digit of (-4500)/(-27) - 1*(-8)/i?
8
Let k(h) = 5*h**2 - h - 1. Let t be k(-1). Suppose 10*z - 5*z - 720 = -t*o, 2*z - 4*o - 300 = 0. Suppose z = 9*l - 8*l. What is the units digit of l?
6
Suppose 565*a - 8661718 - 18488227 = 0. What is the tens digit of a?
5
Let g(z) = -z + 25. Let r be g(18). What is the hundreds digit of (-205)/(-2)*(r - 3)?
4
What is the thousands digit of 18/3 + (-117696)/(-16)?
7
Let g = 14993 - 4984. What is the tens digit of g?
0
Suppose -193*h - 244697 = -216*h. What is the ten thousands digit of h?
1
Suppose -t = d - 11491, 6*d = -t - 2*t + 68958. What is the ten thousands digit of d?
1
Suppose -4*y - 2*h + 55536 = 0, 8*y + 4*h - 55524 = 4*y. What is the hundreds digit of y?
8
Suppose -2*w + 3*c = -279 - 42, 0 = -3*w - 3*c + 519. Let z = -7 + 5. What is the tens digit of w + (2 - z*(-2)/4)?
6
What is the units digit of (-682)/124 - 111830/(-4)?
2
Let n(y) = 36135*y + 249. What is the units digit of n(1)?
4
Let i be (-6)/3 + 0 + (63 - -1). Let s = -17 + i. What is the units digit of 4446/s + (1 - -1)/10?
9
Let f be (-6)/(-9)*(26 + (-10)/2). Suppose 8255 = -v + f*v. What is the tens digit of v?
3
Let r be ((-2480)/(-50))/((-2)/(-25)). Let n = r - 210. What is the tens digit of n?
1
Let b(m) = m**3 + 10*m**2 + 8*m + 8. Let j be b(-9). Suppose -1 = -2*x - j. What is the tens digit of (-5)/1*x/4?
1
Suppose 12*p + 113390 = 17*p + 5*r, 11*p = -3*r + 249386. What is the ten thousands digit of p?
2
Let i be (-5)/(-10) - (-147)/6. Suppose 26*f - 221 = i*f. What is the tens digit of f?
2
Suppose -23*v + 6352 = -54023. What is the thousands digit of v?
2
Let z = 13308 - -10848. What is the tens digit of z?
5
Suppose 14 = 4*i + 2*b, 3*i + 0*b + 5*b - 7 = 0. Let n(x) = -x**2 + 3*x + 2. Let m be n(4). What is the tens digit of -5*(-78)/i - 3/m?
9
Let i(a) = -3 + 9 - 12*a - 1 + 1. Let r be i(0). Suppose 346 = r*d + 4. What is the units digit of d?
7
What is the tens digit of 34/51 + (-139895)/(-15)?
2
Suppose g - 2*p = -6, 5*g - 18*p = -21*p - 30. What is the units digit of (-2)/(g + 3 + 1) + 777?
8
Suppose 4*t + 5816 = -4*z, 4*z + 4327 = z + 4*t. Let l = 2532 + z. What is the tens digit of l?
8
Let y = 8705 - -3668. What is the hundreds digit of y?
3
Let c(p) = 3*p + 2. Let g be c(1). Suppose g*x + 81 = 3*n, 5 + 7 = 4*x. Let d = n + -18. What is the tens digit of d?
1
Let f = -211 + 210. What is the units digit of -2 - (-433 - f) - (0 - 3)?
3
Let t(l) = 5*l - 36. Let u be t(8). Suppose k - z = 170, 5*z - z = -u*k + 704. What is the tens digit of k?
7
Suppose -8*t + 131163 = 29107. What is the tens digit of t?
5
Suppose -4*p = 2*h + 896 - 16822, -3*h = p - 23884. What is the thousands digit of h?
7
Let g(v) = -4920*v - 668. What is the units digit of g(-1)?
2
Suppose -214*c - 840 = -217*c. Let v = c + -266. What is the units digit of v?
4
Suppose 4*v = -j + 8, -j + v - 2 = 2*j. Suppose j = -t - 5*z - 4 - 9, -4*t + 2 = 2*z. What is the units digit of -25*(-6 + t)/4?
5
Let w = -7859 + 22416. What is the tens digit of w?
5
Suppose -2*j = 2*r + j - 687, -4*r = 3*j - 1371. Suppose -2*t + 7155 = 7155. Suppose -i - 4*k + 73 = 0, -3*k = -5*i - t*k + r. What is the tens digit of i?
6
Let s(t) = t**3 + 4*t + 13 + 14 - 2*t**2 - 30 - 10*t. Let b be s(4). Suppose 4*r + 2*x = 72, 105 = -0